{"id":60,"date":"2016-03-18T02:16:12","date_gmt":"2016-03-18T00:16:12","guid":{"rendered":"http:\/\/dlldownloader.pro\/blog\/?page_id=60"},"modified":"2016-03-18T03:09:01","modified_gmt":"2016-03-18T01:09:01","slug":"gizlilik-sozlesmesi","status":"publish","type":"page","link":"https:\/\/www.dlldownloader.com\/blog\/tr\/gizlilik-sozlesmesi\/","title":{"rendered":"DllDownloader.com Gizlilik S\u00f6zle\u015fmesi"},"content":{"rendered":"<h2>Kullan\u0131c\u0131lar\u0131n \u0130lgi Alan\u0131n\u0131 G\u00f6z Alarak Reklam Yay\u0131nc\u0131l\u0131\u011f\u0131<\/h2>\n<p><a href=\"http:\/\/www.dlldownloader.com\/tr\/\" target=\"_blank\">DLLDOWNLOADER.COM<\/a> sitesi, <a href=\"https:\/\/www.google.com\/adsense\" target=\"_blank\">Google Adsense<\/a> reklamlar\u0131n\u0131n yay\u0131nc\u0131s\u0131d\u0131r. Bununla birlikte <a href=\"https:\/\/www.google.com\" target=\"_blank\">Google<\/a> firmas\u0131 taraf sat\u0131c\u0131s\u0131 olarak DLLDOWNLOADER.COM&#8217;da reklam yay\u0131nlamak i\u00e7in \u00e7erezlerden yararlanarak kullan\u0131c\u0131lar\u0131n ilgilerine g\u00f6re reklam g\u00f6sterir. Bu sebeple hem Google hemde <a href=\"https:\/\/support.google.com\/adsense\/answer\/2839090?hl=tr\" target=\"_blank\">DoubleClick DART \u00e7erezleri<\/a> kullan\u0131lmaktad\u0131r. Bu \u00e7erezler sayesinde yukar\u0131da da bahsetti\u011fimiz gibi kullan\u0131c\u0131lar\u0131n ilgi alanlar\u0131na g\u00f6re reklamlar yay\u0131nlanmaktad\u0131r.<\/p>\n<p>DLLDOWNLOADER.COM ziyaret\u00e7ileri, Google reklam ve i\u00e7erik a\u011f\u0131 ve gizlilik a\u011f\u0131 politikas\u0131n\u0131n yay\u0131nland\u0131\u011f\u0131 <a href=\"http:\/\/www.google.com\/privacy_ads.html\">Reklamc\u0131l\u0131k ve Gizlilik &#8211; Google Gizlilik Merkezi<\/a> web adresini ziyaret ederek DART \u00e7erezlerini kullanmam\u0131z\u0131 engelleyebilirler.<\/p>\n<p>DLLDOWNLOADER.COM&#8217;u ziyaret etti\u011finizde reklam hizmetimizi iyile\u015ftirebilmek i\u00e7in \u00fc\u00e7\u00fcnc\u00fc taraf reklam \u015firketlerini kullan\u0131yoruz. Mevzu bahis \u015firketler, DLLDOWNLOADER.COM&#8217;a ve di\u011fer web sitelerine yapt\u0131\u011f\u0131n\u0131z ziyaretlerden edindikleri bilgileri ilginizi \u00e7ekebilecek \u00fcr\u00fcn veya hizmetlerin reklamlar\u0131n\u0131 g\u00f6stermek i\u00e7in kullanabilir. Bahse konu uygulama ile ilgili daha fazla bilgi edinebilmek ve bilgilerinizin bu \u015firketler taraf\u0131ndan kullan\u0131lmas\u0131n\u0131 engellemek i\u00e7in se\u00e7eneklerinizin neler oldu\u011funu \u00f6\u011frenmek isterseniz a\u015fa\u011f\u0131daki ba\u011flant\u0131dan PDF dosyas\u0131n\u0131 indirebilir ve dosyadaki belgenin <strong>A<\/strong> ekine g\u00f6z atabilirsiniz.<\/p>\n<p><a href=\"https:\/\/www.networkadvertising.org\/sites\/default\/files\/NAI_Code15encr.pdf\" target=\"_blank\">NAI Reklamc\u0131l\u0131k Prensipleri Belgesi (2015)<\/a><\/p>\n<p>Sitemizde yay\u0131nlanan reklamlar\u0131n i\u00e7eri\u011fi ve sunduklar\u0131 \u00fcr\u00fcn\/hizmet DLLDOWNLOADER.COM sitesi sorumlulu\u011fu alt\u0131nda de\u011fildir.<\/p>\n<h2>Log Dosyalar\u0131<\/h2>\n<p>Genel olarak \u00e7o\u011fu site Log dosyalar\u0131n\u0131n kayd\u0131n\u0131 tutmaktad\u0131r. Bu dosyalar; <strong>ip adresiniz<\/strong>, <strong>internet servis sa\u011flay\u0131c\u0131n\u0131z<\/strong>, <strong>taray\u0131c\u0131n\u0131z\u0131n \u00f6zellikleri<\/strong>, <strong>i\u015fletim sisteminiz<\/strong> ve <strong>siteye giri\u015f-\u00e7\u0131k\u0131\u015f sayfalar\u0131n\u0131z<\/strong> gibi standard bilgileri i\u00e7eriyor. Ayr\u0131ca Log dosyalar\u0131 hi\u00e7bir \u015fekilde istatistiksel ama\u00e7lar d\u0131\u015f\u0131nda kullan\u0131lmamakta ve mahremiyetinizi ihlal etmemeyecek \u015fekilde gizli tutulmaktad\u0131r. Ip adresiniz dahil di\u011fer b\u00fct\u00fcn bilgileriniz, \u015fahsi bilgileriniz ile ili\u015fkilendirilmemektedir. Son olarak da DLLDOWNLOADER.COM sitesi istatistik hizmetleri i\u00e7in <a href=\"http:\/\/metrica.yandex.com.tr\" target=\"_blank\">Yandex Metrika<\/a> teknolojisini kullanmaktad\u0131r.<\/p>\n<h2>\u00c7erezler<\/h2>\n<p>\u201c<strong>\u00c7erez &#8211; Cookie<\/strong>\u201d kelimesi, web sayfas\u0131 sunucusunun sizin bilgisayar\u0131n\u0131z\u0131n hard diskine yerle\u015ftirdi\u011fi k\u00fc\u00e7\u00fck bir text dosyas\u0131n\u0131 tan\u0131mlamak i\u00e7in kullan\u0131lmaktad\u0131r. Sitemizde kullan\u0131c\u0131lar i\u00e7in kullan\u0131m kolayl\u0131\u011f\u0131 sa\u011flayacak \u00e7erezler yer almaktad\u0131r. Ayr\u0131ca DLLDOWNLOADER.COM&#8217;da mevcut bulunan reklamlar arac\u0131l\u0131\u011f\u0131yla, reklam verilerinin toplanmas\u0131 i\u00e7in <strong>cookie (\u00e7erez)<\/strong> ve <strong>web beacon<\/strong> hizmetleri de yer alabilir. \u00dcstelik bu i\u015flemler sadece sizin izninizle ger\u00e7ekle\u015fecek olup, iste\u011finiz dahilinde internet taray\u0131c\u0131n\u0131z\u0131n ayarlar\u0131n\u0131 de\u011fi\u015ftirerek bunu engellemeniz de m\u00fcmk\u00fcn olmaktad\u0131r.<\/p>\n<h2>D\u0131\u015f Ba\u011flant\u0131lar<\/h2>\n<p>DLLDOWNLOADER.COM web adresi, gerekti\u011finde bir \u00e7ok siteye d\u0131\u015f ba\u011flant\u0131 verebilir. Sitemiz, link verdi\u011fi, banner tan\u0131t\u0131m\u0131n\u0131 yapt\u0131\u011f\u0131 sitelerin i\u00e7eriklerinden veya gizlilik prensiplerinden hi\u00e7bir zaman sorumlu tutulamaz. \u00c7\u00fcnk\u00fc burada bahsi ge\u00e7en ba\u011flant\u0131 verme i\u015flemi, hukuki olarak &#8220;<em>at\u0131fta bulunma<\/em>&#8221; olarak de\u011ferlendirilmektedir.<\/p>\n<h2>\u0130\u00e7erik kopyalama<\/h2>\n<p>DLLDOWNLOADER.COM sitesindeki bir bilgiyi ba\u015fka bir sitede yay\u0131nlayacaksan\u0131z mutlaka kaynak belirtmeniz gerekmektedir. Bu kaynak, t\u0131klanabilir ba\u011flant\u0131 (link) bi\u00e7iminde olmal\u0131d\u0131r. Ayr\u0131ca DLLDOWNLOADER.COM&#8217;dan kopyalanan i\u00e7eriklerle ilgili d\u00fczenleme ve silme hakk\u0131 sakl\u0131 tutulmu\u015ftur.<\/p>\n","protected":false},"excerpt":{"rendered":"<p>Kullan\u0131c\u0131lar\u0131n \u0130lgi Alan\u0131n\u0131 G\u00f6z Alarak Reklam Yay\u0131nc\u0131l\u0131\u011f\u0131 DLLDOWNLOADER.COM sitesi, Google Adsense reklamlar\u0131n\u0131n yay\u0131nc\u0131s\u0131d\u0131r. Bununla birlikte Google firmas\u0131 taraf sat\u0131c\u0131s\u0131 olarak DLLDOWNLOADER.COM&#8217;da reklam yay\u0131nlamak i\u00e7in \u00e7erezlerden yararlanarak kullan\u0131c\u0131lar\u0131n ilgilerine g\u00f6re reklam g\u00f6sterir. Bu sebeple hem Google hemde DoubleClick DART \u00e7erezleri kullan\u0131lmaktad\u0131r. Bu \u00e7erezler sayesinde yukar\u0131da da bahsetti\u011fimiz gibi kullan\u0131c\u0131lar\u0131n ilgi alanlar\u0131na g\u00f6re reklamlar yay\u0131nlanmaktad\u0131r. DLLDOWNLOADER.COM ziyaret\u00e7ileri, &hellip; <a href=\"https:\/\/www.dlldownloader.com\/blog\/tr\/gizlilik-sozlesmesi\/\" class=\"more-link\">Continue reading<span class=\"screen-reader-text\"> &#8220;DllDownloader.com Gizlilik S\u00f6zle\u015fmesi&#8221;<\/span><\/a><\/p>\n","protected":false},"author":1,"featured_media":0,"parent":0,"menu_order":0,"comment_status":"closed","ping_status":"closed","template":"","meta":[],"_links":{"self":[{"href":"https:\/\/www.dlldownloader.com\/blog\/wp-json\/wp\/v2\/pages\/60"}],"collection":[{"href":"https:\/\/www.dlldownloader.com\/blog\/wp-json\/wp\/v2\/pages"}],"about":[{"href":"https:\/\/www.dlldownloader.com\/blog\/wp-json\/wp\/v2\/types\/page"}],"author":[{"embeddable":true,"href":"https:\/\/www.dlldownloader.com\/blog\/wp-json\/wp\/v2\/users\/1"}],"replies":[{"embeddable":true,"href":"https:\/\/www.dlldownloader.com\/blog\/wp-json\/wp\/v2\/comments?post=60"}],"version-history":[{"count":4,"href":"https:\/\/www.dlldownloader.com\/blog\/wp-json\/wp\/v2\/pages\/60\/revisions"}],"predecessor-version":[{"id":69,"href":"https:\/\/www.dlldownloader.com\/blog\/wp-json\/wp\/v2\/pages\/60\/revisions\/69"}],"wp:attachment":[{"href":"https:\/\/www.dlldownloader.com\/blog\/wp-json\/wp\/v2\/media?parent=60"}],"curies":[{"name":"wp","href":"https:\/\/api.w.org\/{rel}","templated":true}]}}